{"id":465,"date":"2023-01-31T17:09:11","date_gmt":"2023-01-31T17:09:11","guid":{"rendered":"https:\/\/webredox.net\/demo\/wp\/candore\/?page_id=465"},"modified":"2025-05-16T14:25:16","modified_gmt":"2025-05-16T12:25:16","slug":"specials","status":"publish","type":"page","link":"https:\/\/www.skygarden.at\/skygardencafe\/specials\/","title":{"rendered":"Specials"},"content":{"rendered":"\t\t<div data-elementor-type=\"wp-page\" data-elementor-id=\"465\" class=\"elementor elementor-465\" data-elementor-post-type=\"page\">\n\t\t\t\t\t\t<section class=\"elementor-section elementor-top-section elementor-element elementor-element-35e9ddc6 elementor-section-full_width elementor-section-height-full elementor-section-height-default elementor-section-items-middle\" data-id=\"35e9ddc6\" data-element_type=\"section\" data-e-type=\"section\">\n\t\t\t\t\t\t<div class=\"elementor-container elementor-column-gap-no\">\n\t\t\t\t\t<div class=\"elementor-column elementor-col-100 elementor-top-column elementor-element elementor-element-6e528dcb\" data-id=\"6e528dcb\" data-element_type=\"column\" data-e-type=\"column\">\n\t\t\t<div class=\"elementor-widget-wrap elementor-element-populated\">\n\t\t\t\t\t\t<div class=\"elementor-element elementor-element-53bd0b85 elementor-widget elementor-widget-candore-banner-image\" data-id=\"53bd0b85\" data-element_type=\"widget\" data-e-type=\"widget\" data-widget_type=\"candore-banner-image.default\">\n\t\t\t\t<div class=\"elementor-widget-container\">\n\t\t\t\t\t\t\t\n\t\t\n\t\t<header class=\"header \">\n        \n            <!-- The opacity on the image is made with \"data-overlay-dark=\"number\". You can change it using the numbers 0-9. -->\n            \t\t\t<div class=\"video-fullscreen-wrap full-height valign bg-img-d bg-fixed\" data-overlay-dark=\"6\" data-background=\"https:\/\/www.skygarden.at\/skygardencafe\/wp-content\/uploads\/2025\/01\/IMG_9040-scaled.jpg\">\n\t\t\t\t\t\t                <div class=\"v-middle caption overlay \">\n                    <div class=\"container\">\n                        <div class=\"row\">\n                            <div class=\"col-md-12 text-center\">\n                                                                <h1 class=\"cd-intro-title-h1\">\n\t\t\t\t\t\t\t\t\t\t\t\t\t\t\t\t\t\tUNSERE SPECIALS\t\t\t\t\t\t\t\t\t\t\t\t\t\t\t\t\t\t\t\t\t\t\t\t\t\t\t<span>Alles auf einen Blick<\/span>\n\t\t\t\t\t\t\t\t\t\t\t\t\t\t\t\t\t<\/h4>\n\t\t\t\t\t\t\t\t\t\t\t\t\t\t\t\t                            <\/div>\n\t\t\t\t\t\t<\/div>\n                    <\/div>\n                <\/div>\n\t\t\t            <\/div>\n\t\t\n\t\t\n\t\t\t\t\t\t\n    <\/header>\t\t\n\n        \t\t\t\t<\/div>\n\t\t\t\t<\/div>\n\t\t\t\t\t<\/div>\n\t\t<\/div>\n\t\t\t\t\t<\/div>\n\t\t<\/section>\n\t\t\t\t<section class=\"elementor-section elementor-top-section elementor-element elementor-element-da2abac elementor-section-boxed elementor-section-height-default elementor-section-height-default\" data-id=\"da2abac\" data-element_type=\"section\" data-e-type=\"section\">\n\t\t\t\t\t\t<div class=\"elementor-container elementor-column-gap-default\">\n\t\t\t\t\t<div class=\"elementor-column elementor-col-100 elementor-top-column elementor-element elementor-element-b284d56\" data-id=\"b284d56\" data-element_type=\"column\" data-e-type=\"column\">\n\t\t\t<div class=\"elementor-widget-wrap elementor-element-populated\">\n\t\t\t\t\t\t<div class=\"elementor-element elementor-element-957b47e elementor-widget elementor-widget-candore-feature\" data-id=\"957b47e\" data-element_type=\"widget\" data-e-type=\"widget\" data-widget_type=\"candore-feature.default\">\n\t\t\t\t<div class=\"elementor-widget-container\">\n\t\t\t\t\t\t\t\t\t<div class=\"features row\">\n\t<div class=\"col-md-6 animate-box \" data-animate-effect=\"fadeInLeft\">\n                <div class=\"img\">\n                    <img decoding=\"async\" src=\"https:\/\/www.skygarden.at\/skygardencafe\/wp-content\/uploads\/2025\/01\/IMG_9030-scaled.jpg\" alt=\"\">\n                <\/div>\n            <\/div>\n            <div class=\"col-md-6 valign animate-box text-left \" data-animate-effect=\"fadeInRight\">\n                <div class=\"wrap\">\n                    \t\t\t\t\t<div class=\"number\">01<\/div>\n\t\t\t\t\t                    <div class=\"cont\">\n                        \t\t\t\t\t\t<h3>ROMANTIC BREAKFAST<\/h3>\n\t\t\t\t\t\t                       \t\t\t\t\t   <p>Starten Sie Ihren Tag mit dem \u201eRomantic Breakfast\u201c! Genie\u00dfen Sie unbegrenzt Kaffee, Tee oder hei\u00dfe Schokolade, einen Schinken-K\u00e4se-Lachs-Teller, Prosciutto, frisches Gem\u00fcse, Brot und Geb\u00e4ck, Marmeladen, Aufstriche, zwei Eiergerichte nach Wahl, frisch gepressten Orangensaft und Prosecco. <\/p>\n\t\t\t\t\t   \t\t\t\t\t   \t\t\t\t\t\t\t<a href=\"tel:0732919900\" target=\"_self\"  class=\"button-4\">Jetzt buchen <span><\/span><\/a>\n\t\t\t\t\t\t                    <\/div>\n                <\/div>\n            <\/div>\n        <\/div>\n\t\t\t\t\t\t\t\t<\/div>\n\t\t\t\t<\/div>\n\t\t\t\t<div class=\"elementor-element elementor-element-4cc064a elementor-widget elementor-widget-candore-feature\" data-id=\"4cc064a\" data-element_type=\"widget\" data-e-type=\"widget\" data-widget_type=\"candore-feature.default\">\n\t\t\t\t<div class=\"elementor-widget-container\">\n\t\t\t\t\t\t\t\t\t<div class=\"features row\">\n\t<div class=\"col-md-6 animate-box  order-md-last\" data-animate-effect=\"fadeInRight\">\n                <div class=\"img\">\n                    <img decoding=\"async\" src=\"https:\/\/www.skygarden.at\/skygardencafe\/wp-content\/uploads\/2025\/01\/IMG_9027-scaled.jpg\" alt=\"\">\n                <\/div>\n            <\/div>\n            <div class=\"col-md-6 valign animate-box text-left  order-md-first\" data-animate-effect=\"fadeInLeft\">\n                <div class=\"wrap\">\n                    \t\t\t\t\t<div class=\"number\">02<\/div>\n\t\t\t\t\t                    <div class=\"cont\">\n                        \t\t\t\t\t\t<h3>KAMINZIMMER<\/h3>\n\t\t\t\t\t\t                       \t\t\t\t\t   <p>Feieren Sie unvergessliche Momente in unserem gem\u00fctlichen Kaminzimmer! Ob Geburtstage, Jubil\u00e4en oder andere besondere Anl\u00e4sse \u2013 der warme Charme des Kamins sorgt f\u00fcr eine einladende Atmosph\u00e4re, die Ihre Feier einzigartig macht. Wir bieten Ihnen flexible M\u00f6glichkeiten, um Ihren Tag genau nach Ihren W\u00fcnschen zu gestalten. Kontaktieren Sie uns, und wir helfen Ihnen, Ihre Veranstaltung im Caf\u00e9 Sky Garden unvergesslich zu machen!\n<\/p>\n\t\t\t\t\t   \t\t\t\t\t   \t\t\t\t\t\t\t<a href=\"tel:0732919900\" target=\"_self\"  class=\"button-4\">Jetzt buchen<span><\/span><\/a>\n\t\t\t\t\t\t                    <\/div>\n                <\/div>\n            <\/div>\n        <\/div>\n\t\t\t\t\t\t\t\t<\/div>\n\t\t\t\t<\/div>\n\t\t\t\t<div class=\"elementor-element elementor-element-2033b39 elementor-widget elementor-widget-candore-feature\" data-id=\"2033b39\" data-element_type=\"widget\" data-e-type=\"widget\" data-widget_type=\"candore-feature.default\">\n\t\t\t\t<div class=\"elementor-widget-container\">\n\t\t\t\t\t\t\t\t\t<div class=\"features row\">\n\t<div class=\"col-md-6 animate-box \" data-animate-effect=\"fadeInLeft\">\n                <div class=\"img\">\n                    <img decoding=\"async\" src=\"https:\/\/www.skygarden.at\/skygardencafe\/wp-content\/uploads\/2025\/01\/Design-ohne-Titel-2-scaled.jpg\" alt=\"\">\n                <\/div>\n            <\/div>\n            <div class=\"col-md-6 valign animate-box text-left \" data-animate-effect=\"fadeInRight\">\n                <div class=\"wrap\">\n                    \t\t\t\t\t<div class=\"number\">03<\/div>\n\t\t\t\t\t                    <div class=\"cont\">\n                        \t\t\t\t\t\t<h3>WINTERZAUBER<\/h3>\n\t\t\t\t\t\t                       \t\t\t\t\t   <p>Erleben Sie die Magie der Adventszeit bei uns im Caf\u00e9 Skygarden! Jeden Freitag, Samstag &amp; Sonntag w\u00e4hrend des Advents laden wir Sie herzlich zu unserem Weihnachtszauber auf der Terrasse ein. Genie\u00dfen Sie in stimmungsvoller Atmosph\u00e4re Gl\u00fchwein, Punsch, Bratw\u00fcrste, Ofenkartoffeln und vieles mehr.<\/p>\n\t\t\t\t\t   \t\t\t\t\t                       <\/div>\n                <\/div>\n            <\/div>\n        <\/div>\n\t\t\t\t\t\t\t\t<\/div>\n\t\t\t\t<\/div>\n\t\t\t\t<div class=\"elementor-element elementor-element-3fd2cdb elementor-widget elementor-widget-candore-feature\" data-id=\"3fd2cdb\" data-element_type=\"widget\" data-e-type=\"widget\" data-widget_type=\"candore-feature.default\">\n\t\t\t\t<div class=\"elementor-widget-container\">\n\t\t\t\t\t\t\t\t\t<div class=\"features row\">\n\t<div class=\"col-md-6 animate-box  order-md-last\" data-animate-effect=\"fadeInRight\">\n                <div class=\"img\">\n                    <img decoding=\"async\" src=\"https:\/\/www.skygarden.at\/skygardencafe\/wp-content\/uploads\/2025\/05\/IMG_4810-scaled.jpg\" alt=\"\">\n                <\/div>\n            <\/div>\n            <div class=\"col-md-6 valign animate-box text-left  order-md-first\" data-animate-effect=\"fadeInLeft\">\n                <div class=\"wrap\">\n                    \t\t\t\t\t<div class=\"number\">04<\/div>\n\t\t\t\t\t                    <div class=\"cont\">\n                        \t\t\t\t\t\t<h3>GASTGARTEN<\/h3>\n\t\t\t\t\t\t                       \t\t\t\t\t   <p>Genie\u00dfen Sie den Sommer bei unsim Caf\u00e9 Skygarden! Ab sofort bieten wir kreative Eisbecher und erfrischende Summerdrinks an \u2013 perfekt f\u00fcr hei\u00dfe Tage. \nLassen Sie sich verw\u00f6hnen und entspannen Sie in unserem gem\u00fctlichen Gastgarten. \nOb fruchtig, cremig oder spritzig \u2013 bei uns ist f\u00fcr jeden Geschmack etwas dabei. Kommen Sie vorbei und g\u00f6nnen Sie sich eine s\u00fc\u00dfe Auszeit unter freiem Himmel!<\/p>\n\t\t\t\t\t   \t\t\t\t\t                       <\/div>\n                <\/div>\n            <\/div>\n        <\/div>\n\t\t\t\t\t\t\t\t<\/div>\n\t\t\t\t<\/div>\n\t\t\t\t\t<\/div>\n\t\t<\/div>\n\t\t\t\t\t<\/div>\n\t\t<\/section>\n\t\t\t\t<\/div>\n\t\t","protected":false},"excerpt":{"rendered":"<p>UNSERE SPECIALS Alles auf einen Blick 01 ROMANTIC BREAKFAST Starten Sie Ihren Tag mit dem \u201eRomantic Breakfast\u201c! Genie\u00dfen Sie unbegrenzt Kaffee, Tee oder hei\u00dfe Schokolade, einen Schinken-K\u00e4se-Lachs-Teller, Prosciutto, frisches Gem\u00fcse,&#8230;<\/p>\n","protected":false},"author":1,"featured_media":0,"parent":0,"menu_order":0,"comment_status":"closed","ping_status":"closed","template":"","meta":{"footnotes":""},"class_list":["post-465","page","type-page","status-publish","hentry"],"_links":{"self":[{"href":"https:\/\/www.skygarden.at\/skygardencafe\/wp-json\/wp\/v2\/pages\/465","targetHints":{"allow":["GET"]}}],"collection":[{"href":"https:\/\/www.skygarden.at\/skygardencafe\/wp-json\/wp\/v2\/pages"}],"about":[{"href":"https:\/\/www.skygarden.at\/skygardencafe\/wp-json\/wp\/v2\/types\/page"}],"author":[{"embeddable":true,"href":"https:\/\/www.skygarden.at\/skygardencafe\/wp-json\/wp\/v2\/users\/1"}],"replies":[{"embeddable":true,"href":"https:\/\/www.skygarden.at\/skygardencafe\/wp-json\/wp\/v2\/comments?post=465"}],"version-history":[{"count":0,"href":"https:\/\/www.skygarden.at\/skygardencafe\/wp-json\/wp\/v2\/pages\/465\/revisions"}],"wp:attachment":[{"href":"https:\/\/www.skygarden.at\/skygardencafe\/wp-json\/wp\/v2\/media?parent=465"}],"curies":[{"name":"wp","href":"https:\/\/api.w.org\/{rel}","templated":true}]}}