{"id":237,"date":"2023-01-25T16:16:58","date_gmt":"2023-01-25T16:16:58","guid":{"rendered":"https:\/\/webredox.net\/demo\/wp\/candore\/?page_id=237"},"modified":"2026-01-27T18:35:26","modified_gmt":"2026-01-27T17:35:26","slug":"ueber-uns","status":"publish","type":"page","link":"https:\/\/www.skygarden.at\/skygarden\/ueber-uns\/","title":{"rendered":"\u00dcBER UNS"},"content":{"rendered":"\t\t<div data-elementor-type=\"wp-page\" data-elementor-id=\"237\" class=\"elementor elementor-237\" data-elementor-post-type=\"page\">\n\t\t\t\t\t\t<section class=\"elementor-section elementor-top-section elementor-element elementor-element-67a741b elementor-section-full_width elementor-section-height-default elementor-section-height-default\" data-id=\"67a741b\" data-element_type=\"section\" data-e-type=\"section\">\n\t\t\t\t\t\t<div class=\"elementor-container elementor-column-gap-no\">\n\t\t\t\t\t<div class=\"elementor-column elementor-col-100 elementor-top-column elementor-element elementor-element-b648f94\" data-id=\"b648f94\" data-element_type=\"column\" data-e-type=\"column\">\n\t\t\t<div class=\"elementor-widget-wrap elementor-element-populated\">\n\t\t\t\t\t\t<div class=\"elementor-element elementor-element-96da8fe elementor-widget elementor-widget-candore-banner-image\" data-id=\"96da8fe\" data-element_type=\"widget\" data-e-type=\"widget\" data-widget_type=\"candore-banner-image.default\">\n\t\t\t\t<div class=\"elementor-widget-container\">\n\t\t\t\t\t\t\t\n\t\t\n\t\t<header class=\"header \">\n        \n            <!-- The opacity on the image is made with \"data-overlay-dark=\"number\". You can change it using the numbers 0-9. -->\n            \t\t\t<div class=\"video-fullscreen-wrap full-height valign bg-img-d bg-fixed\" data-overlay-dark=\"5\" data-background=\"https:\/\/www.skygarden.at\/skygarden\/wp-content\/uploads\/2024\/10\/IMG_5744-2-scaled-e1730224298957.jpg\">\n\t\t\t\t\t\t                <div class=\"v-middle caption overlay \">\n                    <div class=\"container\">\n                        <div class=\"row\">\n                            <div class=\"col-md-12 text-center\">\n                                \t\t\t\t\t\t\t\t<h6 class=\"cd-intro-title-h6\">d\u00fcrfen wir uns kurz vorstellen?<\/h6>\n\t\t\t\t\t\t\t\t                                <h1 class=\"cd-intro-title-h1\">\n\t\t\t\t\t\t\t\t\t\t\t\t\t\t\t\t\t\t\u00dcBER UNS\t\t\t\t\t\t\t\t\t\t\t\t\t\t\t\t\t\t\t\t\t\t\t\t\t\t\t<span>Das Skygarden-Team<\/span>\n\t\t\t\t\t\t\t\t\t\t\t\t\t\t\t\t\t<\/h4>\n\t\t\t\t\t\t\t\t\t\t\t\t\t\t\t\t                            <\/div>\n\t\t\t\t\t\t<\/div>\n                    <\/div>\n                <\/div>\n\t\t\t            <\/div>\n\t\t\n\t\t\n\t\t\t\t\t\t\n    <\/header>\t\t\n\n        \t\t\t\t<\/div>\n\t\t\t\t<\/div>\n\t\t\t\t\t<\/div>\n\t\t<\/div>\n\t\t\t\t\t<\/div>\n\t\t<\/section>\n\t\t\t\t<section class=\"elementor-section elementor-top-section elementor-element elementor-element-4bba73fc elementor-section-boxed elementor-section-height-default elementor-section-height-default\" data-id=\"4bba73fc\" data-element_type=\"section\" data-e-type=\"section\" id=\"test\">\n\t\t\t\t\t\t<div class=\"elementor-container elementor-column-gap-default\">\n\t\t\t\t\t<div class=\"elementor-column elementor-col-100 elementor-top-column elementor-element elementor-element-5b8a7a97\" data-id=\"5b8a7a97\" data-element_type=\"column\" data-e-type=\"column\">\n\t\t\t<div class=\"elementor-widget-wrap elementor-element-populated\">\n\t\t\t\t\t\t<div class=\"elementor-section elementor-inner-section elementor-element elementor-element-eb8a4f6 elementor-section-full_width elementor-section-height-default elementor-section-height-default\" data-id=\"eb8a4f6\" data-element_type=\"section\" data-e-type=\"section\">\n\t\t\t\t\t\t<div class=\"elementor-container elementor-column-gap-default\">\n\t\t\t\t\t<div class=\"elementor-column elementor-col-33 elementor-inner-column elementor-element elementor-element-2bd81d82\" data-id=\"2bd81d82\" data-element_type=\"column\" data-e-type=\"column\">\n\t\t\t<div class=\"elementor-widget-wrap elementor-element-populated\">\n\t\t\t\t\t\t<div class=\"elementor-element elementor-element-5966cf35 elementor-widget elementor-widget-candore-text-block\" data-id=\"5966cf35\" data-element_type=\"widget\" data-e-type=\"widget\" data-widget_type=\"candore-text-block.default\">\n\t\t\t\t<div class=\"elementor-widget-container\">\n\t\t\t\t\t\t\t<div class=\" text-left  candore-text-block\">\r\n\t\t<p>Willkommen im Skygarden \u2013 Ihrem modernen Treffpunkt im Herzen von Linz. Unser junges Caf\u00e9-Bar-Restaurant bietet eine atemberaubende Dachterrasse mit Blick auf den P\u00f6stlingberg und den Dom. Wir legen gro\u00dfen Wert auf Qualit\u00e4t, au\u00dfergew\u00f6hnliches Ambiente und erstklassigen Service, um Ihre Zufriedenheit zu garantieren. Unser Team aus kompetenten Mitarbeitern sorgt daf\u00fcr, dass jeder Besuch ein besonderes Erlebnis wird. Durch die Zusammenarbeit mit zuverl\u00e4ssigen Lieferanten sichern wir die hohe Qualit\u00e4t unserer Angebote. Offenheit, Fairness und Teamarbeit bilden die Basis unserer Firmenphilosophie. Bei uns steht der Gast im Mittelpunkt \u2013 Ihr Wohlbefinden ist unser t\u00e4gliches Ziel.<\/p>\t\t<\/div>\r\n        \t\t\t\t<\/div>\n\t\t\t\t<\/div>\n\t\t\t\t<div class=\"elementor-element elementor-element-2f45f7ad elementor-widget elementor-widget-candore-contact\" data-id=\"2f45f7ad\" data-element_type=\"widget\" data-e-type=\"widget\" data-widget_type=\"candore-contact.default\">\n\t\t\t\t<div class=\"elementor-widget-container\">\n\t\t\t\t\t        \t\t<div class=\"reservations cd-reservations\">\n\t\t            <div class=\"icon\">\n\t\t\t\t\t\t\t<span class=\"flaticon-tray-1\"><\/span>\n\t\t\t\t\t\t<\/div>\n\t\t            <div class=\"text\">\n\t\t\t\t                <p>jetzt reservieren<\/p>\n\t\t\t\t\t\t\t\t\t\t\n\t\t\t\t\t<a href=\"tel:073277067\">0732 77067<\/a>\n\t\t\t\t            <\/div>\n        <\/div>\n\t\t\t\t\n        \t\t\t\t<\/div>\n\t\t\t\t<\/div>\n\t\t\t\t\t<\/div>\n\t\t<\/div>\n\t\t\t\t<div class=\"elementor-column elementor-col-33 elementor-inner-column elementor-element elementor-element-66837db2\" data-id=\"66837db2\" data-element_type=\"column\" data-e-type=\"column\">\n\t\t\t<div class=\"elementor-widget-wrap elementor-element-populated\">\n\t\t\t\t\t\t<div class=\"elementor-element elementor-element-66eef4d2 elementor-widget elementor-widget-image\" data-id=\"66eef4d2\" data-element_type=\"widget\" data-e-type=\"widget\" data-widget_type=\"image.default\">\n\t\t\t\t<div class=\"elementor-widget-container\">\n\t\t\t\t\t\t\t\t\t\t\t\t\t\t\t<img fetchpriority=\"high\" decoding=\"async\" width=\"1920\" height=\"2560\" src=\"https:\/\/www.skygarden.at\/skygarden\/wp-content\/uploads\/2024\/10\/IMG_5796-2-scaled.jpg\" class=\"attachment-full size-full wp-image-1045\" alt=\"\" srcset=\"https:\/\/www.skygarden.at\/skygarden\/wp-content\/uploads\/2024\/10\/IMG_5796-2-scaled.jpg 1920w, https:\/\/www.skygarden.at\/skygarden\/wp-content\/uploads\/2024\/10\/IMG_5796-2-225x300.jpg 225w, https:\/\/www.skygarden.at\/skygarden\/wp-content\/uploads\/2024\/10\/IMG_5796-2-768x1024.jpg 768w, https:\/\/www.skygarden.at\/skygarden\/wp-content\/uploads\/2024\/10\/IMG_5796-2-1152x1536.jpg 1152w, https:\/\/www.skygarden.at\/skygarden\/wp-content\/uploads\/2024\/10\/IMG_5796-2-1536x2048.jpg 1536w\" sizes=\"(max-width: 1920px) 100vw, 1920px\" \/>\t\t\t\t\t\t\t\t\t\t\t\t\t\t\t<\/div>\n\t\t\t\t<\/div>\n\t\t\t\t\t<\/div>\n\t\t<\/div>\n\t\t\t\t<div class=\"elementor-column elementor-col-33 elementor-inner-column elementor-element elementor-element-1865cd5f\" data-id=\"1865cd5f\" data-element_type=\"column\" data-e-type=\"column\">\n\t\t\t<div class=\"elementor-widget-wrap elementor-element-populated\">\n\t\t\t\t\t\t<div class=\"elementor-element elementor-element-58488ffa elementor-widget elementor-widget-image\" data-id=\"58488ffa\" data-element_type=\"widget\" data-e-type=\"widget\" data-widget_type=\"image.default\">\n\t\t\t\t<div class=\"elementor-widget-container\">\n\t\t\t\t\t\t\t\t\t\t\t\t\t\t\t<img decoding=\"async\" width=\"1416\" height=\"2048\" src=\"https:\/\/www.skygarden.at\/skygarden\/wp-content\/uploads\/2024\/10\/4.jpg\" class=\"attachment-full size-full wp-image-1047\" alt=\"\" srcset=\"https:\/\/www.skygarden.at\/skygarden\/wp-content\/uploads\/2024\/10\/4.jpg 1416w, https:\/\/www.skygarden.at\/skygarden\/wp-content\/uploads\/2024\/10\/4-207x300.jpg 207w, https:\/\/www.skygarden.at\/skygarden\/wp-content\/uploads\/2024\/10\/4-708x1024.jpg 708w, https:\/\/www.skygarden.at\/skygarden\/wp-content\/uploads\/2024\/10\/4-768x1111.jpg 768w, https:\/\/www.skygarden.at\/skygarden\/wp-content\/uploads\/2024\/10\/4-1062x1536.jpg 1062w\" sizes=\"(max-width: 1416px) 100vw, 1416px\" \/>\t\t\t\t\t\t\t\t\t\t\t\t\t\t\t<\/div>\n\t\t\t\t<\/div>\n\t\t\t\t\t<\/div>\n\t\t<\/div>\n\t\t\t\t\t<\/div>\n\t\t<\/div>\n\t\t\t\t\t<\/div>\n\t\t<\/div>\n\t\t\t\t\t<\/div>\n\t\t<\/section>\n\t\t\t\t<section class=\"elementor-section elementor-top-section elementor-element elementor-element-b8dd2ab elementor-section-boxed elementor-section-height-default elementor-section-height-default\" data-id=\"b8dd2ab\" data-element_type=\"section\" data-e-type=\"section\" data-settings=\"{&quot;background_background&quot;:&quot;classic&quot;}\">\n\t\t\t\t\t\t<div class=\"elementor-container elementor-column-gap-default\">\n\t\t\t\t\t<div class=\"elementor-column elementor-col-100 elementor-top-column elementor-element elementor-element-7057a80\" data-id=\"7057a80\" data-element_type=\"column\" data-e-type=\"column\">\n\t\t\t<div class=\"elementor-widget-wrap elementor-element-populated\">\n\t\t\t\t\t\t<section class=\"elementor-section elementor-inner-section elementor-element elementor-element-48eba69 elementor-section-boxed elementor-section-height-default elementor-section-height-default\" data-id=\"48eba69\" data-element_type=\"section\" data-e-type=\"section\">\n\t\t\t\t\t\t<div class=\"elementor-container elementor-column-gap-default\">\n\t\t\t\t\t<div class=\"elementor-column elementor-col-50 elementor-inner-column elementor-element elementor-element-cb2e219\" data-id=\"cb2e219\" data-element_type=\"column\" data-e-type=\"column\">\n\t\t\t<div class=\"elementor-widget-wrap elementor-element-populated\">\n\t\t\t\t\t\t<div class=\"elementor-element elementor-element-34d6b06 elementor-widget elementor-widget-image\" data-id=\"34d6b06\" data-element_type=\"widget\" data-e-type=\"widget\" data-widget_type=\"image.default\">\n\t\t\t\t<div class=\"elementor-widget-container\">\n\t\t\t\t\t\t\t\t\t\t\t\t\t\t\t<img decoding=\"async\" width=\"1416\" height=\"2048\" src=\"https:\/\/www.skygarden.at\/skygarden\/wp-content\/uploads\/2024\/10\/3.jpg\" class=\"attachment-full size-full wp-image-1048\" alt=\"\" srcset=\"https:\/\/www.skygarden.at\/skygarden\/wp-content\/uploads\/2024\/10\/3.jpg 1416w, https:\/\/www.skygarden.at\/skygarden\/wp-content\/uploads\/2024\/10\/3-207x300.jpg 207w, https:\/\/www.skygarden.at\/skygarden\/wp-content\/uploads\/2024\/10\/3-708x1024.jpg 708w, https:\/\/www.skygarden.at\/skygarden\/wp-content\/uploads\/2024\/10\/3-768x1111.jpg 768w, https:\/\/www.skygarden.at\/skygarden\/wp-content\/uploads\/2024\/10\/3-1062x1536.jpg 1062w\" sizes=\"(max-width: 1416px) 100vw, 1416px\" \/>\t\t\t\t\t\t\t\t\t\t\t\t\t\t\t<\/div>\n\t\t\t\t<\/div>\n\t\t\t\t\t<\/div>\n\t\t<\/div>\n\t\t\t\t<div class=\"elementor-column elementor-col-50 elementor-inner-column elementor-element elementor-element-0e12fc1\" data-id=\"0e12fc1\" data-element_type=\"column\" data-e-type=\"column\">\n\t\t\t<div class=\"elementor-widget-wrap elementor-element-populated\">\n\t\t\t\t\t\t<div class=\"elementor-element elementor-element-893b7d8 elementor-widget elementor-widget-candore-sec-title\" data-id=\"893b7d8\" data-element_type=\"widget\" data-e-type=\"widget\" data-widget_type=\"candore-sec-title.default\">\n\t\t\t\t<div class=\"elementor-widget-container\">\n\t\t\t\t\t\t\t<div class=\"section-head mb-0 text-left \">\n\t\t\t\t\t\t<h6 class=\"section-subtitle\">Chefsache<\/h6>\n\t\t\t\t\t\t            <h5 class=\"section-title\">Ein kurzes \"Hallo\"<\/h5>\n\t\t\t\t\t\t\t\t\t\t\t<\/div>\n\t\t\t\t\t\t<\/div>\n\t\t\t\t<\/div>\n\t\t\t\t<div class=\"elementor-element elementor-element-50a14f4 elementor-widget elementor-widget-candore-text-block\" data-id=\"50a14f4\" data-element_type=\"widget\" data-e-type=\"widget\" data-widget_type=\"candore-text-block.default\">\n\t\t\t\t<div class=\"elementor-widget-container\">\n\t\t\t\t\t\t\t<div class=\" text-left  candore-text-block\">\r\n\t\t<p>Einen Ort zu schaffen, an dem sich jeder willkommen f\u00fchlt \u2013 mit einer atemberaubenden Atmosph\u00e4re auf unserer Dachterasse und einer K\u00fcche, die den Zeitgeist und die Geschmacksknospen in Stimmung bringen . F\u00fcr mich z\u00e4hlt Qualit\u00e4t, die aus saisonalen Produkten unserer Umgebung entsteht. Wir m\u00f6chten den G\u00e4sten zeigen, wie vielf\u00e4ltig und reich unsere Region ist, und das auf eine ehrliche und bodenst\u00e4ndige Art. Mein Ziel ist es, dass jeder Besuch bei uns zu einem besonderen Erlebnis wird \u2013 gepr\u00e4gt von Herzlichkeit und dem Besten, was unsere Heimat zu bieten hat.<\/p>\t\t<\/div>\r\n        \t\t\t\t<\/div>\n\t\t\t\t<\/div>\n\t\t\t\t<div class=\"elementor-element elementor-element-0b3ad90 elementor-widget elementor-widget-candore-signature\" data-id=\"0b3ad90\" data-element_type=\"widget\" data-e-type=\"widget\" data-widget_type=\"candore-signature.default\">\n\t\t\t\t<div class=\"elementor-widget-container\">\n\t\t\t\t\t\t\t<div class=\"about-bottom cd-about-signature mt-0 mb-0\"> \r\n\t\t        <div class=\"about-name-wrapper\">\r\n            \t\t\t<div class=\"about-name\">Ralph Ramsebner<\/div>\r\n\t\t\t\t\t\t            <div class=\"about-rol\">Inhaber<\/div>\r\n\t\t\t        <\/div>\r\n        <\/div>\r\n\t\t\r\n        \t\t\t\t<\/div>\n\t\t\t\t<\/div>\n\t\t\t\t<div class=\"elementor-element elementor-element-05de646 elementor-widget elementor-widget-image\" data-id=\"05de646\" data-element_type=\"widget\" data-e-type=\"widget\" data-widget_type=\"image.default\">\n\t\t\t\t<div class=\"elementor-widget-container\">\n\t\t\t\t\t\t\t\t\t\t\t\t\t\t\t<img loading=\"lazy\" decoding=\"async\" width=\"900\" height=\"273\" src=\"https:\/\/www.skygarden.at\/skygarden\/wp-content\/uploads\/2024\/10\/ba4ebdbd-a6c8-4dcb-81f0-cafc13e72824-e1728291670445-1024x311.png\" class=\"attachment-large size-large wp-image-843\" alt=\"\" srcset=\"https:\/\/www.skygarden.at\/skygarden\/wp-content\/uploads\/2024\/10\/ba4ebdbd-a6c8-4dcb-81f0-cafc13e72824-e1728291670445-1024x311.png 1024w, https:\/\/www.skygarden.at\/skygarden\/wp-content\/uploads\/2024\/10\/ba4ebdbd-a6c8-4dcb-81f0-cafc13e72824-e1728291670445-300x91.png 300w, https:\/\/www.skygarden.at\/skygarden\/wp-content\/uploads\/2024\/10\/ba4ebdbd-a6c8-4dcb-81f0-cafc13e72824-e1728291670445-768x233.png 768w, https:\/\/www.skygarden.at\/skygarden\/wp-content\/uploads\/2024\/10\/ba4ebdbd-a6c8-4dcb-81f0-cafc13e72824-e1728291670445-600x182.png 600w, https:\/\/www.skygarden.at\/skygarden\/wp-content\/uploads\/2024\/10\/ba4ebdbd-a6c8-4dcb-81f0-cafc13e72824-e1728291670445.png 1209w\" sizes=\"(max-width: 900px) 100vw, 900px\" \/>\t\t\t\t\t\t\t\t\t\t\t\t\t\t\t<\/div>\n\t\t\t\t<\/div>\n\t\t\t\t\t<\/div>\n\t\t<\/div>\n\t\t\t\t\t<\/div>\n\t\t<\/section>\n\t\t\t\t\t<\/div>\n\t\t<\/div>\n\t\t\t\t\t<\/div>\n\t\t<\/section>\n\t\t\t\t<\/div>\n\t\t","protected":false},"excerpt":{"rendered":"<p>d\u00fcrfen wir uns kurz vorstellen? \u00dcBER UNS Das Skygarden-Team Willkommen im Skygarden \u2013 Ihrem modernen Treffpunkt im Herzen von Linz. Unser junges Caf\u00e9-Bar-Restaurant bietet eine atemberaubende Dachterrasse mit Blick auf&#8230;<\/p>\n","protected":false},"author":1,"featured_media":0,"parent":0,"menu_order":0,"comment_status":"closed","ping_status":"closed","template":"","meta":{"footnotes":""},"class_list":["post-237","page","type-page","status-publish","hentry"],"_links":{"self":[{"href":"https:\/\/www.skygarden.at\/skygarden\/wp-json\/wp\/v2\/pages\/237","targetHints":{"allow":["GET"]}}],"collection":[{"href":"https:\/\/www.skygarden.at\/skygarden\/wp-json\/wp\/v2\/pages"}],"about":[{"href":"https:\/\/www.skygarden.at\/skygarden\/wp-json\/wp\/v2\/types\/page"}],"author":[{"embeddable":true,"href":"https:\/\/www.skygarden.at\/skygarden\/wp-json\/wp\/v2\/users\/1"}],"replies":[{"embeddable":true,"href":"https:\/\/www.skygarden.at\/skygarden\/wp-json\/wp\/v2\/comments?post=237"}],"version-history":[{"count":29,"href":"https:\/\/www.skygarden.at\/skygarden\/wp-json\/wp\/v2\/pages\/237\/revisions"}],"predecessor-version":[{"id":1494,"href":"https:\/\/www.skygarden.at\/skygarden\/wp-json\/wp\/v2\/pages\/237\/revisions\/1494"}],"wp:attachment":[{"href":"https:\/\/www.skygarden.at\/skygarden\/wp-json\/wp\/v2\/media?parent=237"}],"curies":[{"name":"wp","href":"https:\/\/api.w.org\/{rel}","templated":true}]}}