{"id":1104,"date":"2024-11-13T14:44:30","date_gmt":"2024-11-13T13:44:30","guid":{"rendered":"https:\/\/www.skygarden.at\/skygarden\/?page_id=1104"},"modified":"2026-02-06T12:29:04","modified_gmt":"2026-02-06T11:29:04","slug":"rechtliches-2","status":"publish","type":"page","link":"https:\/\/www.skygarden.at\/skygarden\/rechtliches-2\/","title":{"rendered":"Rechtliches"},"content":{"rendered":"\t\t<div data-elementor-type=\"wp-page\" data-elementor-id=\"1104\" class=\"elementor elementor-1104\" data-elementor-post-type=\"page\">\n\t\t\t\t\t\t<section class=\"elementor-section elementor-top-section elementor-element elementor-element-53672f9f elementor-section-full_width elementor-section-height-default elementor-section-height-default\" data-id=\"53672f9f\" data-element_type=\"section\" data-e-type=\"section\" data-settings=\"{&quot;background_background&quot;:&quot;classic&quot;}\">\n\t\t\t\t\t\t<div class=\"elementor-container elementor-column-gap-no\">\n\t\t\t\t\t<div class=\"elementor-column elementor-col-100 elementor-top-column elementor-element elementor-element-7ce5c84a\" data-id=\"7ce5c84a\" data-element_type=\"column\" data-e-type=\"column\">\n\t\t\t<div class=\"elementor-widget-wrap elementor-element-populated\">\n\t\t\t\t\t\t<div class=\"elementor-element elementor-element-793e971a elementor-widget elementor-widget-candore-banner-simple\" data-id=\"793e971a\" data-element_type=\"widget\" data-e-type=\"widget\" data-widget_type=\"candore-banner-simple.default\">\n\t\t\t\t<div class=\"elementor-widget-container\">\n\t\t\t\t\t\t\t\n\t\t\n\t\t<div class=\"banner-header valign bg-img bg-img-d-s bg-fixed\" data-overlay-dark=\"4\" data-background=\"https:\/\/www.skygarden.at\/skygarden\/wp-content\/uploads\/2024\/11\/Design-ohne-Titel-scaled.jpg\">\n\t\t\t<div class=\"container\">\n\t\t\t\t<div class=\"row\">\n\t\t\t\t\t<div class=\"col-md-12 text-center caption mt-60\">\n\t\t\t\t\t\t\t\t\t\t\t\t<h1 class=\"cd-intro-title-h1\">\n\t\t\t\t\t\t\t\t\t\t\t\t\tRECHTLICHES\t\t\t\t\t\t\t\t\t\t\t\t\t\t\t\t\t\t<\/h1>\n\t\t\t\t\t\t\t\t\t\t\t<\/div>\n\t\t\t\t<\/div>\n\t\t\t<\/div>\n        <\/div>\t\t\n\n        \t\t\t\t<\/div>\n\t\t\t\t<\/div>\n\t\t\t\t\t<\/div>\n\t\t<\/div>\n\t\t\t\t\t<\/div>\n\t\t<\/section>\n\t\t<div class=\"elementor-element elementor-element-66a3c70 e-flex e-con-boxed e-con e-parent\" data-id=\"66a3c70\" data-element_type=\"container\" data-e-type=\"container\">\n\t\t\t\t\t<div class=\"e-con-inner\">\n\t\t\t\t<div class=\"elementor-element elementor-element-1dd9002 elementor-widget elementor-widget-text-editor\" data-id=\"1dd9002\" data-element_type=\"widget\" data-e-type=\"widget\" data-widget_type=\"text-editor.default\">\n\t\t\t\t<div class=\"elementor-widget-container\">\n\t\t\t\t\t\t\t\t\t<p>SKYGARDEN \u2013 Genie\u00dfen \u00fcber den D\u00e4chern von Linz<br \/>Passage Linz | 3. OG<br \/>Landstra\u00dfe 17 \u2013 25, 4020 Linz<\/p><p><strong>\u00d6ffnungszeiten:<\/strong><br \/>Mo\u2013Mi 09:00\u201322:00 \u00b7 Fr\u2013Sa 09:00\u201300:00 \u00b7 \u00a0Do 09:00\u201323:00 \u00b7 So geschlossen<br \/>Tel.: +43 732 \/ 77 06 76 | office@skygarden.at\u00a0| www.skygarden.at<\/p><p>Informationspflicht laut \u00a75 E-Commerce Gesetz, \u00a714 Unternehmensgesetzbuch, \u00a763 Gewerbeordnung und Offenlegungspflicht laut \u00a725 Mediengesetz:<\/p><p>Ramsebner GmbH<br \/>Landstra\u00dfe 17-25<br \/>4020 Linz, \u00d6sterreich<\/p><p>Unternehmensgegenstand: Kaffeerestaurants<br \/>UID-Nummer: ATU63766179<br \/>Firmenbuchnummer: 299250z<br \/>Firmenbuchgericht: Landesgericht Linz<br \/>Firmensitz: 4020 Linz<\/p><p>Tel.: +43 732 \/ 77 06 76<br \/>Email: office@skygarden.at<\/p><p>Mitglied bei: WKO\u00d6<br \/>Berufsrecht: Gewerbeordnung: www.ris.bka.gv.at<\/p><p>Aufsichtsbeh\u00f6rde\/Gewerbebeh\u00f6rde: Bezirkshauptmannschaft Linz<br \/>Berufsbezeichnung: Cafe-Restaurant<br \/>Verleihungsstaat: \u00d6sterreich<\/p><p>EU-Streitschlichtung<\/p><p>Angaben zur Online-Streitbeilegung: Verbraucher haben die M\u00f6glichkeit, Beschwerden an die OnlineStreitbeilegungsplattform der EU zu richten: https:\/\/ec.europa.eu\/consumers\/odr\/main\/index.cfm?event=main.home2.show&amp;lng=DE. Sie k\u00f6nnen allf\u00e4llige Beschwerde auch an die oben angegebene E-Mail-Adresse richten.<\/p><p>Haftung f\u00fcr Inhalte<\/p><p>Wir entwickeln die Inhalte dieser Webseite st\u00e4ndig weiter und bem\u00fchen uns korrekte und aktuelle Informationen bereitzustellen. Leider k\u00f6nnen wir keine Haftung f\u00fcr die Korrektheit aller Inhalte auf dieser Webseite \u00fcbernehmen, speziell f\u00fcr jene die seitens Dritter bereitgestellt wird. Sollten Ihnen problematische oder rechtswidrige Inhalte auffallen, bitte wir Sie uns umgehend zu kontaktieren, Sie finden die Kontaktdaten im Impressum.<\/p><p>Haftung f\u00fcr Links<\/p><p>Unser Angebot enth\u00e4lt Links zu externen Websites Dritter, auf deren Inhalte wir keinen Einfluss haben. Deshalb k\u00f6nnen wir f\u00fcr diese fremden Inhalte auch keine Gew\u00e4hr \u00fcbernehmen. F\u00fcr die Inhalte der verlinkten Seiten ist stets der jeweilige Anbieter oder Betreiber der Seiten verantwortlich. Die verlinkten Seiten wurden zum Zeitpunkt der Verlinkung auf m\u00f6gliche Rechtsverst\u00f6\u00dfe \u00fcberpr\u00fcft. Rechtswidrige Inhalte waren zum Zeitpunkt der Verlinkung nicht erkennbar.<\/p><p>Eine permanente inhaltliche Kontrolle der verlinkten Seiten ist jedoch ohne konkrete Anhaltspunkte einer Rechtsverletzung nicht zumutbar. Bei Bekanntwerden von Rechtsverletzungen werden wir derartige Links umgehend entfernen.<\/p><p>Urheberrecht<\/p><p>Die durch die Seitenbetreiber erstellten Inhalte und Werke auf diesen Seiten unterliegen dem Urheberrecht. Die Vervielf\u00e4ltigung, Bearbeitung, Verbreitung und jede Art der Verwertung au\u00dferhalb der Grenzen des Urheberrechtes bed\u00fcrfen der schriftlichen Zustimmung des jeweiligen Autors bzw. Erstellers. Downloads und Kopien dieser Seite sind nur f\u00fcr den privaten, nicht kommerziellen Gebrauch gestattet.<\/p><p>Soweit die Inhalte auf dieser Seite nicht vom Betreiber erstellt wurden, werden die Urheberrechte Dritter beachtet. Insbesondere werden Inhalte Dritter als solche gekennzeichnet. Sollten Sie trotzdem auf eine Urheberrechtsverletzung aufmerksam werden, bitten wir um einen entsprechenden Hinweis. Bei Bekanntwerden von Rechtsverletzungen werden wir derartige Inhalte umgehend entfernen.<\/p>\t\t\t\t\t\t\t\t<\/div>\n\t\t\t\t<\/div>\n\t\t\t\t\t<\/div>\n\t\t\t\t<\/div>\n\t\t\t\t<\/div>\n\t\t","protected":false},"excerpt":{"rendered":"<p>RECHTLICHES SKYGARDEN \u2013 Genie\u00dfen \u00fcber den D\u00e4chern von LinzPassage Linz | 3. OGLandstra\u00dfe 17 \u2013 25, 4020 Linz \u00d6ffnungszeiten:Mo\u2013Mi 09:00\u201322:00 \u00b7 Fr\u2013Sa 09:00\u201300:00 \u00b7 \u00a0Do 09:00\u201323:00 \u00b7 So geschlossenTel.: +43&#8230;<\/p>\n","protected":false},"author":1,"featured_media":0,"parent":0,"menu_order":0,"comment_status":"closed","ping_status":"closed","template":"","meta":{"footnotes":""},"class_list":["post-1104","page","type-page","status-publish","hentry"],"_links":{"self":[{"href":"https:\/\/www.skygarden.at\/skygarden\/wp-json\/wp\/v2\/pages\/1104","targetHints":{"allow":["GET"]}}],"collection":[{"href":"https:\/\/www.skygarden.at\/skygarden\/wp-json\/wp\/v2\/pages"}],"about":[{"href":"https:\/\/www.skygarden.at\/skygarden\/wp-json\/wp\/v2\/types\/page"}],"author":[{"embeddable":true,"href":"https:\/\/www.skygarden.at\/skygarden\/wp-json\/wp\/v2\/users\/1"}],"replies":[{"embeddable":true,"href":"https:\/\/www.skygarden.at\/skygarden\/wp-json\/wp\/v2\/comments?post=1104"}],"version-history":[{"count":19,"href":"https:\/\/www.skygarden.at\/skygarden\/wp-json\/wp\/v2\/pages\/1104\/revisions"}],"predecessor-version":[{"id":1523,"href":"https:\/\/www.skygarden.at\/skygarden\/wp-json\/wp\/v2\/pages\/1104\/revisions\/1523"}],"wp:attachment":[{"href":"https:\/\/www.skygarden.at\/skygarden\/wp-json\/wp\/v2\/media?parent=1104"}],"curies":[{"name":"wp","href":"https:\/\/api.w.org\/{rel}","templated":true}]}}